{"id":235,"date":"2019-09-25T11:54:47","date_gmt":"2019-09-25T04:54:47","guid":{"rendered":"http:\/\/loiloccamera.com\/?post_type=product&#038;p=235"},"modified":"2023-03-13T04:46:33","modified_gmt":"2023-03-12T21:46:33","slug":"tron-bo-1-camera-quan-sat-dahua-hd720p","status":"publish","type":"product","link":"https:\/\/loiloccamera.com\/index.php\/product\/tron-bo-1-camera-quan-sat-dahua-hd720p\/","title":{"rendered":"Tr\u1ecdn b\u1ed9 1 Camera quan s\u00e1t Dahua HD720P"},"content":{"rendered":"","protected":false},"excerpt":{"rendered":"<h4>H\u00e3ng s\u1ea3n xu\u1ea5t: DAHUA<\/h4>\n<h4>M\u00e3 s\u1ea3n ph\u1ea9m: D1-720<\/h4>\n<p><strong>Tr\u1ecdn b\u1ed9 1 Camera quan s\u00e1t DAHUA HD 720P<\/strong><\/p>\n<ul>\n<li>\u0110\u1ea7u ghi h\u00ecnh 4 k\u00eanh HD cao c\u1ea5p.<\/li>\n<li>Camera quan s\u00e1t Dahua trong nh\u00e0 ho\u1eb7c ngo\u00e0i tr\u1eddi.<\/li>\n<li>\u1ed4 c\u1ee9ng l\u01b0u d\u1eef li\u1ec7u kho\u1ea3ng 7-10 ng\u00e0y.<\/li>\n<li>L\u1eafp \u0111\u1eb7t t\u1ea1i H\u00e0 N\u1ed9i v\u00e0 TP H\u1ed3 Ch\u00ed Minh.<\/li>\n<li>Xem qua m\u00e1y t\u00ednh v\u00e0 \u0111i\u1ec7n tho\u1ea1i t\u1eeb xa mi\u1ec5n ph\u00ed.<\/li>\n<li>B\u1ea3o h\u00e0nh 24 th\u00e1ng ch\u00ednh h\u00e3ng.<\/li>\n<\/ul>\n","protected":false},"featured_media":243,"comment_status":"open","ping_status":"closed","template":"","meta":{"_monsterinsights_skip_tracking":false,"_monsterinsights_sitenote_active":false,"_monsterinsights_sitenote_note":"","_monsterinsights_sitenote_category":0},"product_brand":[],"product_cat":[24,27],"product_tag":[],"class_list":{"0":"post-235","1":"product","2":"type-product","3":"status-publish","4":"has-post-thumbnail","6":"product_cat-tron-bo-camera","7":"product_cat-tron-bo-camera-dahua","9":"first","10":"instock","11":"sale","12":"shipping-taxable","13":"purchasable","14":"product-type-simple"},"aioseo_notices":[],"yoast_head":"<!-- This site is optimized with the Yoast SEO plugin v27.5 - https:\/\/yoast.com\/product\/yoast-seo-wordpress\/ -->\n<title>Tr\u1ecdn b\u1ed9 1 Camera quan s\u00e1t Dahua HD720P - L\u1ee3i L\u1ed9c Camera<\/title>\n<meta name=\"robots\" content=\"index, follow, max-snippet:-1, max-image-preview:large, max-video-preview:-1\" \/>\n<link rel=\"canonical\" href=\"https:\/\/loiloccamera.com\/index.php\/product\/tron-bo-1-camera-quan-sat-dahua-hd720p\/\" \/>\n<meta property=\"og:locale\" content=\"vi_VN\" \/>\n<meta property=\"og:type\" content=\"article\" \/>\n<meta property=\"og:title\" content=\"Tr\u1ecdn b\u1ed9 1 Camera quan s\u00e1t Dahua HD720P - L\u1ee3i L\u1ed9c Camera\" \/>\n<meta property=\"og:description\" content=\"H\u00e3ng s\u1ea3n xu\u1ea5t: DAHUA M\u00e3 s\u1ea3n ph\u1ea9m: D1-720 Tr\u1ecdn b\u1ed9 1 Camera quan s\u00e1t DAHUA HD 720P   \u0110\u1ea7u ghi h\u00ecnh 4 k\u00eanh HD cao c\u1ea5p.  Camera quan s\u00e1t Dahua trong nh\u00e0 ho\u1eb7c ngo\u00e0i tr\u1eddi.  \u1ed4 c\u1ee9ng l\u01b0u d\u1eef li\u1ec7u kho\u1ea3ng 7-10 ng\u00e0y.  L\u1eafp \u0111\u1eb7t t\u1ea1i H\u00e0 N\u1ed9i v\u00e0 TP H\u1ed3 Ch\u00ed Minh.  Xem qua m\u00e1y t\u00ednh v\u00e0 \u0111i\u1ec7n tho\u1ea1i t\u1eeb xa mi\u1ec5n ph\u00ed.  B\u1ea3o h\u00e0nh 24 th\u00e1ng ch\u00ednh h\u00e3ng.\" \/>\n<meta property=\"og:url\" content=\"https:\/\/loiloccamera.com\/index.php\/product\/tron-bo-1-camera-quan-sat-dahua-hd720p\/\" \/>\n<meta property=\"og:site_name\" content=\"L\u1ee3i L\u1ed9c Camera\" \/>\n<meta property=\"article:publisher\" content=\"https:\/\/www.facebook.com\/loiloccamera\/\" \/>\n<meta property=\"article:modified_time\" content=\"2023-03-12T21:46:33+00:00\" \/>\n<meta property=\"og:image\" content=\"https:\/\/loiloccamera.com\/wp-content\/uploads\/2019\/09\/b\u1ed9-122.jpg\" \/>\n\t<meta property=\"og:image:width\" content=\"300\" \/>\n\t<meta property=\"og:image:height\" content=\"240\" \/>\n\t<meta property=\"og:image:type\" content=\"image\/jpeg\" \/>\n<meta name=\"twitter:card\" content=\"summary_large_image\" \/>\n<script type=\"application\/ld+json\" class=\"yoast-schema-graph\">{\"@context\":\"https:\\\/\\\/schema.org\",\"@graph\":[{\"@type\":\"WebPage\",\"@id\":\"https:\\\/\\\/loiloccamera.com\\\/index.php\\\/product\\\/tron-bo-1-camera-quan-sat-dahua-hd720p\\\/\",\"url\":\"https:\\\/\\\/loiloccamera.com\\\/index.php\\\/product\\\/tron-bo-1-camera-quan-sat-dahua-hd720p\\\/\",\"name\":\"Tr\u1ecdn b\u1ed9 1 Camera quan s\u00e1t Dahua HD720P - L\u1ee3i L\u1ed9c Camera\",\"isPartOf\":{\"@id\":\"https:\\\/\\\/loiloccamera.com\\\/#website\"},\"primaryImageOfPage\":{\"@id\":\"https:\\\/\\\/loiloccamera.com\\\/index.php\\\/product\\\/tron-bo-1-camera-quan-sat-dahua-hd720p\\\/#primaryimage\"},\"image\":{\"@id\":\"https:\\\/\\\/loiloccamera.com\\\/index.php\\\/product\\\/tron-bo-1-camera-quan-sat-dahua-hd720p\\\/#primaryimage\"},\"thumbnailUrl\":\"https:\\\/\\\/loiloccamera.com\\\/wp-content\\\/uploads\\\/2019\\\/09\\\/b\u1ed9-122.jpg\",\"datePublished\":\"2019-09-25T04:54:47+00:00\",\"dateModified\":\"2023-03-12T21:46:33+00:00\",\"breadcrumb\":{\"@id\":\"https:\\\/\\\/loiloccamera.com\\\/index.php\\\/product\\\/tron-bo-1-camera-quan-sat-dahua-hd720p\\\/#breadcrumb\"},\"inLanguage\":\"vi\",\"potentialAction\":[{\"@type\":\"ReadAction\",\"target\":[\"https:\\\/\\\/loiloccamera.com\\\/index.php\\\/product\\\/tron-bo-1-camera-quan-sat-dahua-hd720p\\\/\"]}]},{\"@type\":\"ImageObject\",\"inLanguage\":\"vi\",\"@id\":\"https:\\\/\\\/loiloccamera.com\\\/index.php\\\/product\\\/tron-bo-1-camera-quan-sat-dahua-hd720p\\\/#primaryimage\",\"url\":\"https:\\\/\\\/loiloccamera.com\\\/wp-content\\\/uploads\\\/2019\\\/09\\\/b\u1ed9-122.jpg\",\"contentUrl\":\"https:\\\/\\\/loiloccamera.com\\\/wp-content\\\/uploads\\\/2019\\\/09\\\/b\u1ed9-122.jpg\",\"width\":300,\"height\":240},{\"@type\":\"BreadcrumbList\",\"@id\":\"https:\\\/\\\/loiloccamera.com\\\/index.php\\\/product\\\/tron-bo-1-camera-quan-sat-dahua-hd720p\\\/#breadcrumb\",\"itemListElement\":[{\"@type\":\"ListItem\",\"position\":1,\"name\":\"Trang ch\u1ee7\",\"item\":\"https:\\\/\\\/loiloccamera.com\\\/\"},{\"@type\":\"ListItem\",\"position\":2,\"name\":\"C\u1eeda h\u00e0ng\",\"item\":\"https:\\\/\\\/loiloccamera.com\\\/index.php\\\/mua\\\/\"},{\"@type\":\"ListItem\",\"position\":3,\"name\":\"Tr\u1ecdn b\u1ed9 1 Camera quan s\u00e1t Dahua HD720P\"}]},{\"@type\":\"WebSite\",\"@id\":\"https:\\\/\\\/loiloccamera.com\\\/#website\",\"url\":\"https:\\\/\\\/loiloccamera.com\\\/\",\"name\":\"L\u1ee3i L\u1ed9c Camera\",\"description\":\"Uy t\u00ednh v\u00e0 ch\u1ea5t l\u01b0\u1ee3ng h\u00e0ng \u0111\u1ea7u .\",\"publisher\":{\"@id\":\"https:\\\/\\\/loiloccamera.com\\\/#organization\"},\"potentialAction\":[{\"@type\":\"SearchAction\",\"target\":{\"@type\":\"EntryPoint\",\"urlTemplate\":\"https:\\\/\\\/loiloccamera.com\\\/?s={search_term_string}\"},\"query-input\":{\"@type\":\"PropertyValueSpecification\",\"valueRequired\":true,\"valueName\":\"search_term_string\"}}],\"inLanguage\":\"vi\"},{\"@type\":\"Organization\",\"@id\":\"https:\\\/\\\/loiloccamera.com\\\/#organization\",\"name\":\"L\u1ee3i L\u1ed9c Camera\",\"url\":\"https:\\\/\\\/loiloccamera.com\\\/\",\"logo\":{\"@type\":\"ImageObject\",\"inLanguage\":\"vi\",\"@id\":\"https:\\\/\\\/loiloccamera.com\\\/#\\\/schema\\\/logo\\\/image\\\/\",\"url\":\"https:\\\/\\\/loiloccamera.com\\\/wp-content\\\/uploads\\\/2024\\\/06\\\/Loi-Loc-tron.png\",\"contentUrl\":\"https:\\\/\\\/loiloccamera.com\\\/wp-content\\\/uploads\\\/2024\\\/06\\\/Loi-Loc-tron.png\",\"width\":516,\"height\":513,\"caption\":\"L\u1ee3i L\u1ed9c Camera\"},\"image\":{\"@id\":\"https:\\\/\\\/loiloccamera.com\\\/#\\\/schema\\\/logo\\\/image\\\/\"},\"sameAs\":[\"https:\\\/\\\/www.facebook.com\\\/loiloccamera\\\/\"]}]}<\/script>\n<!-- \/ Yoast SEO plugin. -->","yoast_head_json":{"title":"Tr\u1ecdn b\u1ed9 1 Camera quan s\u00e1t Dahua HD720P - L\u1ee3i L\u1ed9c Camera","robots":{"index":"index","follow":"follow","max-snippet":"max-snippet:-1","max-image-preview":"max-image-preview:large","max-video-preview":"max-video-preview:-1"},"canonical":"https:\/\/loiloccamera.com\/index.php\/product\/tron-bo-1-camera-quan-sat-dahua-hd720p\/","og_locale":"vi_VN","og_type":"article","og_title":"Tr\u1ecdn b\u1ed9 1 Camera quan s\u00e1t Dahua HD720P - L\u1ee3i L\u1ed9c Camera","og_description":"H\u00e3ng s\u1ea3n xu\u1ea5t: DAHUA M\u00e3 s\u1ea3n ph\u1ea9m: D1-720 Tr\u1ecdn b\u1ed9 1 Camera quan s\u00e1t DAHUA HD 720P   \u0110\u1ea7u ghi h\u00ecnh 4 k\u00eanh HD cao c\u1ea5p.  Camera quan s\u00e1t Dahua trong nh\u00e0 ho\u1eb7c ngo\u00e0i tr\u1eddi.  \u1ed4 c\u1ee9ng l\u01b0u d\u1eef li\u1ec7u kho\u1ea3ng 7-10 ng\u00e0y.  L\u1eafp \u0111\u1eb7t t\u1ea1i H\u00e0 N\u1ed9i v\u00e0 TP H\u1ed3 Ch\u00ed Minh.  Xem qua m\u00e1y t\u00ednh v\u00e0 \u0111i\u1ec7n tho\u1ea1i t\u1eeb xa mi\u1ec5n ph\u00ed.  B\u1ea3o h\u00e0nh 24 th\u00e1ng ch\u00ednh h\u00e3ng.","og_url":"https:\/\/loiloccamera.com\/index.php\/product\/tron-bo-1-camera-quan-sat-dahua-hd720p\/","og_site_name":"L\u1ee3i L\u1ed9c Camera","article_publisher":"https:\/\/www.facebook.com\/loiloccamera\/","article_modified_time":"2023-03-12T21:46:33+00:00","og_image":[{"width":300,"height":240,"url":"https:\/\/loiloccamera.com\/wp-content\/uploads\/2019\/09\/b\u1ed9-122.jpg","type":"image\/jpeg"}],"twitter_card":"summary_large_image","schema":{"@context":"https:\/\/schema.org","@graph":[{"@type":"WebPage","@id":"https:\/\/loiloccamera.com\/index.php\/product\/tron-bo-1-camera-quan-sat-dahua-hd720p\/","url":"https:\/\/loiloccamera.com\/index.php\/product\/tron-bo-1-camera-quan-sat-dahua-hd720p\/","name":"Tr\u1ecdn b\u1ed9 1 Camera quan s\u00e1t Dahua HD720P - L\u1ee3i L\u1ed9c Camera","isPartOf":{"@id":"https:\/\/loiloccamera.com\/#website"},"primaryImageOfPage":{"@id":"https:\/\/loiloccamera.com\/index.php\/product\/tron-bo-1-camera-quan-sat-dahua-hd720p\/#primaryimage"},"image":{"@id":"https:\/\/loiloccamera.com\/index.php\/product\/tron-bo-1-camera-quan-sat-dahua-hd720p\/#primaryimage"},"thumbnailUrl":"https:\/\/loiloccamera.com\/wp-content\/uploads\/2019\/09\/b\u1ed9-122.jpg","datePublished":"2019-09-25T04:54:47+00:00","dateModified":"2023-03-12T21:46:33+00:00","breadcrumb":{"@id":"https:\/\/loiloccamera.com\/index.php\/product\/tron-bo-1-camera-quan-sat-dahua-hd720p\/#breadcrumb"},"inLanguage":"vi","potentialAction":[{"@type":"ReadAction","target":["https:\/\/loiloccamera.com\/index.php\/product\/tron-bo-1-camera-quan-sat-dahua-hd720p\/"]}]},{"@type":"ImageObject","inLanguage":"vi","@id":"https:\/\/loiloccamera.com\/index.php\/product\/tron-bo-1-camera-quan-sat-dahua-hd720p\/#primaryimage","url":"https:\/\/loiloccamera.com\/wp-content\/uploads\/2019\/09\/b\u1ed9-122.jpg","contentUrl":"https:\/\/loiloccamera.com\/wp-content\/uploads\/2019\/09\/b\u1ed9-122.jpg","width":300,"height":240},{"@type":"BreadcrumbList","@id":"https:\/\/loiloccamera.com\/index.php\/product\/tron-bo-1-camera-quan-sat-dahua-hd720p\/#breadcrumb","itemListElement":[{"@type":"ListItem","position":1,"name":"Trang ch\u1ee7","item":"https:\/\/loiloccamera.com\/"},{"@type":"ListItem","position":2,"name":"C\u1eeda h\u00e0ng","item":"https:\/\/loiloccamera.com\/index.php\/mua\/"},{"@type":"ListItem","position":3,"name":"Tr\u1ecdn b\u1ed9 1 Camera quan s\u00e1t Dahua HD720P"}]},{"@type":"WebSite","@id":"https:\/\/loiloccamera.com\/#website","url":"https:\/\/loiloccamera.com\/","name":"L\u1ee3i L\u1ed9c Camera","description":"Uy t\u00ednh v\u00e0 ch\u1ea5t l\u01b0\u1ee3ng h\u00e0ng \u0111\u1ea7u .","publisher":{"@id":"https:\/\/loiloccamera.com\/#organization"},"potentialAction":[{"@type":"SearchAction","target":{"@type":"EntryPoint","urlTemplate":"https:\/\/loiloccamera.com\/?s={search_term_string}"},"query-input":{"@type":"PropertyValueSpecification","valueRequired":true,"valueName":"search_term_string"}}],"inLanguage":"vi"},{"@type":"Organization","@id":"https:\/\/loiloccamera.com\/#organization","name":"L\u1ee3i L\u1ed9c Camera","url":"https:\/\/loiloccamera.com\/","logo":{"@type":"ImageObject","inLanguage":"vi","@id":"https:\/\/loiloccamera.com\/#\/schema\/logo\/image\/","url":"https:\/\/loiloccamera.com\/wp-content\/uploads\/2024\/06\/Loi-Loc-tron.png","contentUrl":"https:\/\/loiloccamera.com\/wp-content\/uploads\/2024\/06\/Loi-Loc-tron.png","width":516,"height":513,"caption":"L\u1ee3i L\u1ed9c Camera"},"image":{"@id":"https:\/\/loiloccamera.com\/#\/schema\/logo\/image\/"},"sameAs":["https:\/\/www.facebook.com\/loiloccamera\/"]}]}},"_links":{"self":[{"href":"https:\/\/loiloccamera.com\/index.php\/wp-json\/wp\/v2\/product\/235","targetHints":{"allow":["GET"]}}],"collection":[{"href":"https:\/\/loiloccamera.com\/index.php\/wp-json\/wp\/v2\/product"}],"about":[{"href":"https:\/\/loiloccamera.com\/index.php\/wp-json\/wp\/v2\/types\/product"}],"replies":[{"embeddable":true,"href":"https:\/\/loiloccamera.com\/index.php\/wp-json\/wp\/v2\/comments?post=235"}],"wp:featuredmedia":[{"embeddable":true,"href":"https:\/\/loiloccamera.com\/index.php\/wp-json\/wp\/v2\/media\/243"}],"wp:attachment":[{"href":"https:\/\/loiloccamera.com\/index.php\/wp-json\/wp\/v2\/media?parent=235"}],"wp:term":[{"taxonomy":"product_brand","embeddable":true,"href":"https:\/\/loiloccamera.com\/index.php\/wp-json\/wp\/v2\/product_brand?post=235"},{"taxonomy":"product_cat","embeddable":true,"href":"https:\/\/loiloccamera.com\/index.php\/wp-json\/wp\/v2\/product_cat?post=235"},{"taxonomy":"product_tag","embeddable":true,"href":"https:\/\/loiloccamera.com\/index.php\/wp-json\/wp\/v2\/product_tag?post=235"}],"curies":[{"name":"wp","href":"https:\/\/api.w.org\/{rel}","templated":true}]}}