{"id":7778,"date":"2024-06-25T11:50:54","date_gmt":"2024-06-25T04:50:54","guid":{"rendered":"https:\/\/loiloccamera.com\/?post_type=product&#038;p=7778"},"modified":"2024-06-25T11:50:54","modified_gmt":"2024-06-25T04:50:54","slug":"camera-ngoai-troi-cruiser-z-imou-3k-5mp-ipc-s7dp-5m0wez-ong-kinh-kep-zoom-12x","status":"publish","type":"product","link":"https:\/\/loiloccamera.com\/index.php\/product\/camera-ngoai-troi-cruiser-z-imou-3k-5mp-ipc-s7dp-5m0wez-ong-kinh-kep-zoom-12x\/","title":{"rendered":"Camera Ngo\u00e0i Tr\u1eddi Cruiser Z IMOU 3K 5MP IPC-S7DP-5M0WEZ \u1ed0ng k\u00ednh k\u00e9p , Zoom 12X"},"content":{"rendered":"<h2>1. Nh\u1eefng \u0111i\u1ec3m n\u1ed5i b\u1eadt c\u1ee7a chi\u1ebfc camera wifi Imou IPC-S7DP-5MOWEZ<\/h2>\n<ul>\n<li>\u0110\u1ed9 ph\u00e2n gi\u1ea3i cao 5.0MP cho h\u00ecnh \u1ea3nh c\u1ef1c k\u1ef3 s\u1eafc n\u00e9t.<\/li>\n<li>Kh\u1ea3 n\u0103ng zoom k\u1ebft h\u1ee3p l\u00ean \u0111\u1ebfn 12x &#8221; 1x m\u1eb7c \u0111\u1ecbnh \u1ed1ng k\u00ednh 2.8mm, zoom 2x-4x zoom s\u1ed1 tr\u00ean len \u1ed1ng k\u00ednh 2.8mm c\u00f2n 5x m\u1eb7c \u0111\u1ecbnh \u1ed1ng k\u00ednh 12mm. zoom 6x-12x zoom s\u1ed1 tr\u00ean len \u1ed1ng k\u00ednh 12mm &#8220;.<\/li>\n<li>H\u1ed7 tr\u1ee3 quay qu\u00e9t ngang 355 \u0111\u1ed9, quay d\u1ecdc 90 \u0111\u1ed9.<\/li>\n<li>Khe c\u1eafm th\u1ebb nh\u1edb 512G k\u1ebft h\u1ee3p chu\u1ea9n n\u00e9n h\u00ecnh \u1ea3nh H.265 gi\u00fap cho vi\u1ec7c l\u01b0u tr\u1eef \u0111\u01b0\u1ee3c d\u00e0i ng\u00e0y h\u01a1n. Ngo\u00e0i ra c\u00f2n c\u00f3 th\u1ec3 k\u1ebft n\u1ed1i l\u01b0u tr\u1eef Cloud v\u00e0 \u0111\u1ea7u ghi h\u00ecnh, t\u01b0\u01a1ng th\u00edch v\u1edbi m\u1ecdi lo\u1ea1i \u0111\u1ea7u ghi h\u00ecnh th\u00f4ng qua chu\u1ea9n Onvif.<\/li>\n<li>D\u00f2ng camera c\u00f3 m\u00e0u ban \u0111\u00eam , c\u00f3 4 ch\u1ebf \u0111\u1ed9 t\u00f9y ch\u1ec9nh v\u00e0o ban \u0111\u00eam nh\u01b0 t\u1ef1 \u0111\u1ed9ng khi c\u00f3 chuy\u1ec3n \u0111\u1ed9ng s\u1ebd b\u1eadt \u0111\u00e8n s\u00e1ng chuy\u1ec3n t\u1eeb ch\u1ebf \u0111\u1ed9 h\u1ed3ng ngo\u1ea1i sang c\u00f3 m\u00e0u, ch\u1ebf \u0111\u1ed9 c\u00f3 m\u00e0u ban \u0111\u00eam tr\u1eddi t\u1ed1i s\u1ebd b\u1eadt \u0111\u00e8n, ch\u1ebf \u0111\u1ed9 h\u1ed3ng ngo\u1ea1i tr\u1eafng \u0111en, t\u1eaft c\u1ea3 h\u1ed3ng ngo\u1ea1i v\u00e0 m\u00e0u .<br \/>\nt\u1ea7m xa chi\u1ebfu s\u00e1ng l\u00ean \u0111\u1ebfn 56m ph\u00f9 h\u1ee3p l\u1eafp \u0111\u1eb7t nh\u1eefng n\u01a1i r\u1ed9ng l\u1edbn.<\/li>\n<li>T\u00edch h\u1ee3p \u00e2m thanh hai chi\u1ec1u to r\u00f5.<\/li>\n<li>H\u1ed7 tr\u1ee3 c\u00e1c t\u00ednh n\u0103ng th\u00f4ng minh AI ph\u00e1t hi\u1ec7n ng\u01b0\u1eddi v\u00e0 xe h\u01a1i b\u00e1o v\u1ec1 \u0111i\u1ec7n tho\u1ea1i m\u1ed9t c\u00e1ch nhanh ch\u00f3ng.<\/li>\n<li>L\u1eafp \u0111\u1eb7t camera Imou IPC-S7DP-5MOWEZ c\u1ea3 trong nh\u00e0 v\u00e0 ngo\u1ea1i tr\u1eddi <img loading=\"lazy\" decoding=\"async\" class=\"alignnone wp-image-7780 size-full\" src=\"https:\/\/loiloccamera.com\/wp-content\/uploads\/2024\/06\/437374618_1363629921208382_1331692559965106969_n_1715331145.jpg\" alt=\"\" width=\"2048\" height=\"2048\" srcset=\"https:\/\/loiloccamera.com\/wp-content\/uploads\/2024\/06\/437374618_1363629921208382_1331692559965106969_n_1715331145.jpg 2048w, https:\/\/loiloccamera.com\/wp-content\/uploads\/2024\/06\/437374618_1363629921208382_1331692559965106969_n_1715331145-300x300.jpg 300w, https:\/\/loiloccamera.com\/wp-content\/uploads\/2024\/06\/437374618_1363629921208382_1331692559965106969_n_1715331145-1024x1024.jpg 1024w, https:\/\/loiloccamera.com\/wp-content\/uploads\/2024\/06\/437374618_1363629921208382_1331692559965106969_n_1715331145-150x150.jpg 150w, https:\/\/loiloccamera.com\/wp-content\/uploads\/2024\/06\/437374618_1363629921208382_1331692559965106969_n_1715331145-768x768.jpg 768w, https:\/\/loiloccamera.com\/wp-content\/uploads\/2024\/06\/437374618_1363629921208382_1331692559965106969_n_1715331145-1536x1536.jpg 1536w, https:\/\/loiloccamera.com\/wp-content\/uploads\/2024\/06\/437374618_1363629921208382_1331692559965106969_n_1715331145-600x600.jpg 600w, https:\/\/loiloccamera.com\/wp-content\/uploads\/2024\/06\/437374618_1363629921208382_1331692559965106969_n_1715331145-100x100.jpg 100w\" sizes=\"auto, (max-width: 2048px) 100vw, 2048px\" \/><\/li>\n<\/ul>\n","protected":false},"excerpt":{"rendered":"<ul>\n<li>Camera Wifi quay qu\u00e9t zoom k\u1ebft h\u1ee3p 5MP<\/li>\n<li>\u0110\u1ed9 ph\u00e2n gi\u1ea3i 5MP, c\u1ea3m bi\u1ebfn 1\/3\u201d CMOS, 15fps@5.0M<\/li>\n<li>\u1ed0ng k\u00ednh c\u1ed1 \u0111\u1ecbnh 2.8 mm @ F1.6 + 12 mm @ F1.6<\/li>\n<li>Kh\u1ea3 n\u0103ng zoom k\u1ebft h\u1ee3p (mixed zoom) 12X, nh\u00ecn xa r\u00f5 r\u00e0ng h\u01a1n<\/li>\n<li>G\u00f3c nh\u00ecn 2.8 mm: 95.3\u00b0(H) , 12 mm: 24.4\u00b0(H)<\/li>\n<li>H\u1ed7 tr\u1ee3 quay qu\u00e9t: ngang 0-355\u00b0, d\u1ecdc 0-90\u00b0<\/li>\n<li>Chu\u1ea9n n\u00e9n H.265<\/li>\n<li>Ch\u1ed1ng ng\u01b0\u1ee3c s\u00e1ng HDR<\/li>\n<li>Ch\u1ebf \u0111\u1ed9 ban \u0111\u00eam th\u00f4ng minh v\u1edbi 4 ch\u1ebf \u0111\u1ed9 s\u00e1ng: T\u1ef1 \u0111\u1ed9ng, Full Color, H\u1ed3ng ngo\u1ea1i v\u00e0 t\u1eaft . T\u1ea7m xa chi\u1ebfu s\u00e1ng ban \u0111\u00eam l\u00ean \u0111\u1ebfn 56m<\/li>\n<li>C\u1ea3nh b\u00e1o ch\u1ee7 \u0111\u1ed9ng: b\u1eadt \u0111\u00e8n v\u00e0 h\u00fa c\u00f2i (110dB) khi ph\u00e1t hi\u1ec7n c\u00f3 \u0111\u1ed1i t\u01b0\u1ee3ng x\u00e2m nh\u1eadp, \u00e2m thanh t\u00f9y ch\u1ec9nh \u0111\u01b0\u1ee3c.<\/li>\n<li>T\u00edch h\u1ee3p mic v\u00e0 loa, h\u1ed7 tr\u1ee3 \u0111\u00e0m tho\u1ea1i 2 chi\u1ec1u to r\u00f5<\/li>\n<li>H\u1ed7 tr\u1ee3 c\u00e1c t\u00ednh n\u0103ng th\u00f4ng minh AI (IMOU SENSE): ph\u00e1t hi\u1ec7n con ng\u01b0\u1eddi, ph\u00e1t hi\u1ec7n xe c\u1ed9, cho ph\u00e9p t\u00f9y ch\u00ednh khu v\u1ef1c b\u00e1o \u0111\u1ed9ng<\/li>\n<li>Theo d\u00f5i \u0111\u1ed1i t\u01b0\u1ee3ng Smart Tracking (kh\u00f4ng zoom theo, ch\u1ec9 xoay theo)<\/li>\n<li>H\u1ed7 tr\u1ee3 khe c\u1eafm th\u1ebb nh\u1edb Micro SD l\u00ean \u0111\u1ebfn 512GB<\/li>\n<li>H\u1ed7 tr\u1ee3 chu\u1ea9n ONVIF, Cloud, LAN, K\u1ebft n\u1ed1i Wi-Fi 6 v\u1edbi 2 \u0103ng-ten gi\u00fap b\u1eaft s\u00f3ng t\u1ed1t h\u01a1n.<\/li>\n<li>Ngu\u1ed3n c\u1ea5p: DC12V1A, C\u00f4ng su\u1ea5t &lt;12 W. Ch\u1ed1ng b\u1ee5i n\u01b0\u1edbc IP66 (ngo\u00e0i tr\u1eddi)<\/li>\n<li>Ch\u1ea5t li\u1ec7u v\u1ecf nh\u1ef1a, Ngu\u1ed3n v\u00e0 ch\u00e2n \u0111\u1ebf \u0111i k\u00e8m trong h\u1ed9p.<\/li>\n<\/ul>\n","protected":false},"featured_media":7779,"comment_status":"open","ping_status":"closed","template":"","meta":{"_monsterinsights_skip_tracking":false,"_monsterinsights_sitenote_active":false,"_monsterinsights_sitenote_note":"","_monsterinsights_sitenote_category":0},"product_brand":[],"product_cat":[55],"product_tag":[63,64,65],"class_list":{"0":"post-7778","1":"product","2":"type-product","3":"status-publish","4":"has-post-thumbnail","6":"product_cat-camera-imou","7":"product_tag-camera-ngoai-troi-cruiser-z-imou-3k-5mp-ipc-s7dp-5m0wez-ong-kinh-kep","8":"product_tag-camera-zoom-12x-imou","9":"product_tag-imou-ipc-s7dp-5mowez","11":"first","12":"instock","13":"sale","14":"shipping-taxable","15":"purchasable","16":"product-type-simple"},"aioseo_notices":[],"yoast_head":"<!-- This site is optimized with the Yoast SEO plugin v27.5 - https:\/\/yoast.com\/product\/yoast-seo-wordpress\/ -->\n<title>Camera Ngo\u00e0i Tr\u1eddi Cruiser Z IMOU 3K 5MP IPC-S7DP-5M0WEZ \u1ed0ng k\u00ednh k\u00e9p , Zoom 12X - L\u1ee3i L\u1ed9c Camera<\/title>\n<meta name=\"description\" content=\"\u0110\u1ed9 ph\u00e2n gi\u1ea3i cao 5.0MP cho h\u00ecnh \u1ea3nh c\u1ef1c k\u1ef3 s\u1eafc n\u00e9t.Kh\u1ea3 n\u0103ng zoom k\u1ebft h\u1ee3p l\u00ean \u0111\u1ebfn 12x &quot; 1x m\u1eb7c \u0111\u1ecbnh \u1ed1ng k\u00ednh 2.8mm, zoom 2x-4x zoom s\u1ed1 tr\u00ean len \u1ed1ng k\u00ednh 2.8mm c\u00f2n 5x m\u1eb7c \u0111\u1ecbnh \u1ed1ng k\u00ednh 12mm. zoom 6x-12x zoom s\u1ed1 tr\u00ean len \u1ed1ng k\u00ednh 12mm &quot;.\" \/>\n<meta name=\"robots\" content=\"index, follow, max-snippet:-1, max-image-preview:large, max-video-preview:-1\" \/>\n<link rel=\"canonical\" href=\"https:\/\/loiloccamera.com\/index.php\/product\/camera-ngoai-troi-cruiser-z-imou-3k-5mp-ipc-s7dp-5m0wez-ong-kinh-kep-zoom-12x\/\" \/>\n<meta property=\"og:locale\" content=\"vi_VN\" \/>\n<meta property=\"og:type\" content=\"article\" \/>\n<meta property=\"og:title\" content=\"Camera Ngo\u00e0i Tr\u1eddi Cruiser Z IMOU 3K 5MP IPC-S7DP-5M0WEZ \u1ed0ng k\u00ednh k\u00e9p , Zoom 12X - L\u1ee3i L\u1ed9c Camera\" \/>\n<meta property=\"og:description\" content=\"\u0110\u1ed9 ph\u00e2n gi\u1ea3i cao 5.0MP cho h\u00ecnh \u1ea3nh c\u1ef1c k\u1ef3 s\u1eafc n\u00e9t.Kh\u1ea3 n\u0103ng zoom k\u1ebft h\u1ee3p l\u00ean \u0111\u1ebfn 12x &quot; 1x m\u1eb7c \u0111\u1ecbnh \u1ed1ng k\u00ednh 2.8mm, zoom 2x-4x zoom s\u1ed1 tr\u00ean len \u1ed1ng k\u00ednh 2.8mm c\u00f2n 5x m\u1eb7c \u0111\u1ecbnh \u1ed1ng k\u00ednh 12mm. zoom 6x-12x zoom s\u1ed1 tr\u00ean len \u1ed1ng k\u00ednh 12mm &quot;.\" \/>\n<meta property=\"og:url\" content=\"https:\/\/loiloccamera.com\/index.php\/product\/camera-ngoai-troi-cruiser-z-imou-3k-5mp-ipc-s7dp-5m0wez-ong-kinh-kep-zoom-12x\/\" \/>\n<meta property=\"og:site_name\" content=\"L\u1ee3i L\u1ed9c Camera\" \/>\n<meta property=\"article:publisher\" content=\"https:\/\/www.facebook.com\/loiloccamera\/\" \/>\n<meta property=\"og:image\" content=\"https:\/\/loiloccamera.com\/wp-content\/uploads\/2024\/06\/camerangoaitroicruiserzimou3k5mpipcs7dp5m0wezongkinhkepzoom12xchinhhang_450x442.36425339367.png\" \/>\n\t<meta property=\"og:image:width\" content=\"450\" \/>\n\t<meta property=\"og:image:height\" content=\"442\" \/>\n\t<meta property=\"og:image:type\" content=\"image\/png\" \/>\n<meta name=\"twitter:card\" content=\"summary_large_image\" \/>\n<meta name=\"twitter:label1\" content=\"\u01af\u1edbc t\u00ednh th\u1eddi gian \u0111\u1ecdc\" \/>\n\t<meta name=\"twitter:data1\" content=\"2 ph\u00fat\" \/>\n<script type=\"application\/ld+json\" class=\"yoast-schema-graph\">{\"@context\":\"https:\\\/\\\/schema.org\",\"@graph\":[{\"@type\":\"WebPage\",\"@id\":\"https:\\\/\\\/loiloccamera.com\\\/index.php\\\/product\\\/camera-ngoai-troi-cruiser-z-imou-3k-5mp-ipc-s7dp-5m0wez-ong-kinh-kep-zoom-12x\\\/\",\"url\":\"https:\\\/\\\/loiloccamera.com\\\/index.php\\\/product\\\/camera-ngoai-troi-cruiser-z-imou-3k-5mp-ipc-s7dp-5m0wez-ong-kinh-kep-zoom-12x\\\/\",\"name\":\"Camera Ngo\u00e0i Tr\u1eddi Cruiser Z IMOU 3K 5MP IPC-S7DP-5M0WEZ \u1ed0ng k\u00ednh k\u00e9p , Zoom 12X - L\u1ee3i L\u1ed9c Camera\",\"isPartOf\":{\"@id\":\"https:\\\/\\\/loiloccamera.com\\\/#website\"},\"primaryImageOfPage\":{\"@id\":\"https:\\\/\\\/loiloccamera.com\\\/index.php\\\/product\\\/camera-ngoai-troi-cruiser-z-imou-3k-5mp-ipc-s7dp-5m0wez-ong-kinh-kep-zoom-12x\\\/#primaryimage\"},\"image\":{\"@id\":\"https:\\\/\\\/loiloccamera.com\\\/index.php\\\/product\\\/camera-ngoai-troi-cruiser-z-imou-3k-5mp-ipc-s7dp-5m0wez-ong-kinh-kep-zoom-12x\\\/#primaryimage\"},\"thumbnailUrl\":\"https:\\\/\\\/loiloccamera.com\\\/wp-content\\\/uploads\\\/2024\\\/06\\\/camerangoaitroicruiserzimou3k5mpipcs7dp5m0wezongkinhkepzoom12xchinhhang_450x442.36425339367.png\",\"datePublished\":\"2024-06-25T04:50:54+00:00\",\"description\":\"\u0110\u1ed9 ph\u00e2n gi\u1ea3i cao 5.0MP cho h\u00ecnh \u1ea3nh c\u1ef1c k\u1ef3 s\u1eafc n\u00e9t.Kh\u1ea3 n\u0103ng zoom k\u1ebft h\u1ee3p l\u00ean \u0111\u1ebfn 12x \\\" 1x m\u1eb7c \u0111\u1ecbnh \u1ed1ng k\u00ednh 2.8mm, zoom 2x-4x zoom s\u1ed1 tr\u00ean len \u1ed1ng k\u00ednh 2.8mm c\u00f2n 5x m\u1eb7c \u0111\u1ecbnh \u1ed1ng k\u00ednh 12mm. zoom 6x-12x zoom s\u1ed1 tr\u00ean len \u1ed1ng k\u00ednh 12mm \\\".\",\"breadcrumb\":{\"@id\":\"https:\\\/\\\/loiloccamera.com\\\/index.php\\\/product\\\/camera-ngoai-troi-cruiser-z-imou-3k-5mp-ipc-s7dp-5m0wez-ong-kinh-kep-zoom-12x\\\/#breadcrumb\"},\"inLanguage\":\"vi\",\"potentialAction\":[{\"@type\":\"ReadAction\",\"target\":[\"https:\\\/\\\/loiloccamera.com\\\/index.php\\\/product\\\/camera-ngoai-troi-cruiser-z-imou-3k-5mp-ipc-s7dp-5m0wez-ong-kinh-kep-zoom-12x\\\/\"]}]},{\"@type\":\"ImageObject\",\"inLanguage\":\"vi\",\"@id\":\"https:\\\/\\\/loiloccamera.com\\\/index.php\\\/product\\\/camera-ngoai-troi-cruiser-z-imou-3k-5mp-ipc-s7dp-5m0wez-ong-kinh-kep-zoom-12x\\\/#primaryimage\",\"url\":\"https:\\\/\\\/loiloccamera.com\\\/wp-content\\\/uploads\\\/2024\\\/06\\\/camerangoaitroicruiserzimou3k5mpipcs7dp5m0wezongkinhkepzoom12xchinhhang_450x442.36425339367.png\",\"contentUrl\":\"https:\\\/\\\/loiloccamera.com\\\/wp-content\\\/uploads\\\/2024\\\/06\\\/camerangoaitroicruiserzimou3k5mpipcs7dp5m0wezongkinhkepzoom12xchinhhang_450x442.36425339367.png\",\"width\":450,\"height\":442},{\"@type\":\"BreadcrumbList\",\"@id\":\"https:\\\/\\\/loiloccamera.com\\\/index.php\\\/product\\\/camera-ngoai-troi-cruiser-z-imou-3k-5mp-ipc-s7dp-5m0wez-ong-kinh-kep-zoom-12x\\\/#breadcrumb\",\"itemListElement\":[{\"@type\":\"ListItem\",\"position\":1,\"name\":\"Trang ch\u1ee7\",\"item\":\"https:\\\/\\\/loiloccamera.com\\\/\"},{\"@type\":\"ListItem\",\"position\":2,\"name\":\"C\u1eeda h\u00e0ng\",\"item\":\"https:\\\/\\\/loiloccamera.com\\\/index.php\\\/mua\\\/\"},{\"@type\":\"ListItem\",\"position\":3,\"name\":\"Camera Ngo\u00e0i Tr\u1eddi Cruiser Z IMOU 3K 5MP IPC-S7DP-5M0WEZ \u1ed0ng k\u00ednh k\u00e9p , Zoom 12X\"}]},{\"@type\":\"WebSite\",\"@id\":\"https:\\\/\\\/loiloccamera.com\\\/#website\",\"url\":\"https:\\\/\\\/loiloccamera.com\\\/\",\"name\":\"L\u1ee3i L\u1ed9c Camera\",\"description\":\"Uy t\u00ednh v\u00e0 ch\u1ea5t l\u01b0\u1ee3ng h\u00e0ng \u0111\u1ea7u .\",\"publisher\":{\"@id\":\"https:\\\/\\\/loiloccamera.com\\\/#organization\"},\"potentialAction\":[{\"@type\":\"SearchAction\",\"target\":{\"@type\":\"EntryPoint\",\"urlTemplate\":\"https:\\\/\\\/loiloccamera.com\\\/?s={search_term_string}\"},\"query-input\":{\"@type\":\"PropertyValueSpecification\",\"valueRequired\":true,\"valueName\":\"search_term_string\"}}],\"inLanguage\":\"vi\"},{\"@type\":\"Organization\",\"@id\":\"https:\\\/\\\/loiloccamera.com\\\/#organization\",\"name\":\"L\u1ee3i L\u1ed9c Camera\",\"url\":\"https:\\\/\\\/loiloccamera.com\\\/\",\"logo\":{\"@type\":\"ImageObject\",\"inLanguage\":\"vi\",\"@id\":\"https:\\\/\\\/loiloccamera.com\\\/#\\\/schema\\\/logo\\\/image\\\/\",\"url\":\"https:\\\/\\\/loiloccamera.com\\\/wp-content\\\/uploads\\\/2024\\\/06\\\/Loi-Loc-tron.png\",\"contentUrl\":\"https:\\\/\\\/loiloccamera.com\\\/wp-content\\\/uploads\\\/2024\\\/06\\\/Loi-Loc-tron.png\",\"width\":516,\"height\":513,\"caption\":\"L\u1ee3i L\u1ed9c Camera\"},\"image\":{\"@id\":\"https:\\\/\\\/loiloccamera.com\\\/#\\\/schema\\\/logo\\\/image\\\/\"},\"sameAs\":[\"https:\\\/\\\/www.facebook.com\\\/loiloccamera\\\/\"]}]}<\/script>\n<!-- \/ Yoast SEO plugin. -->","yoast_head_json":{"title":"Camera Ngo\u00e0i Tr\u1eddi Cruiser Z IMOU 3K 5MP IPC-S7DP-5M0WEZ \u1ed0ng k\u00ednh k\u00e9p , Zoom 12X - L\u1ee3i L\u1ed9c Camera","description":"\u0110\u1ed9 ph\u00e2n gi\u1ea3i cao 5.0MP cho h\u00ecnh \u1ea3nh c\u1ef1c k\u1ef3 s\u1eafc n\u00e9t.Kh\u1ea3 n\u0103ng zoom k\u1ebft h\u1ee3p l\u00ean \u0111\u1ebfn 12x \" 1x m\u1eb7c \u0111\u1ecbnh \u1ed1ng k\u00ednh 2.8mm, zoom 2x-4x zoom s\u1ed1 tr\u00ean len \u1ed1ng k\u00ednh 2.8mm c\u00f2n 5x m\u1eb7c \u0111\u1ecbnh \u1ed1ng k\u00ednh 12mm. zoom 6x-12x zoom s\u1ed1 tr\u00ean len \u1ed1ng k\u00ednh 12mm \".","robots":{"index":"index","follow":"follow","max-snippet":"max-snippet:-1","max-image-preview":"max-image-preview:large","max-video-preview":"max-video-preview:-1"},"canonical":"https:\/\/loiloccamera.com\/index.php\/product\/camera-ngoai-troi-cruiser-z-imou-3k-5mp-ipc-s7dp-5m0wez-ong-kinh-kep-zoom-12x\/","og_locale":"vi_VN","og_type":"article","og_title":"Camera Ngo\u00e0i Tr\u1eddi Cruiser Z IMOU 3K 5MP IPC-S7DP-5M0WEZ \u1ed0ng k\u00ednh k\u00e9p , Zoom 12X - L\u1ee3i L\u1ed9c Camera","og_description":"\u0110\u1ed9 ph\u00e2n gi\u1ea3i cao 5.0MP cho h\u00ecnh \u1ea3nh c\u1ef1c k\u1ef3 s\u1eafc n\u00e9t.Kh\u1ea3 n\u0103ng zoom k\u1ebft h\u1ee3p l\u00ean \u0111\u1ebfn 12x \" 1x m\u1eb7c \u0111\u1ecbnh \u1ed1ng k\u00ednh 2.8mm, zoom 2x-4x zoom s\u1ed1 tr\u00ean len \u1ed1ng k\u00ednh 2.8mm c\u00f2n 5x m\u1eb7c \u0111\u1ecbnh \u1ed1ng k\u00ednh 12mm. zoom 6x-12x zoom s\u1ed1 tr\u00ean len \u1ed1ng k\u00ednh 12mm \".","og_url":"https:\/\/loiloccamera.com\/index.php\/product\/camera-ngoai-troi-cruiser-z-imou-3k-5mp-ipc-s7dp-5m0wez-ong-kinh-kep-zoom-12x\/","og_site_name":"L\u1ee3i L\u1ed9c Camera","article_publisher":"https:\/\/www.facebook.com\/loiloccamera\/","og_image":[{"width":450,"height":442,"url":"https:\/\/loiloccamera.com\/wp-content\/uploads\/2024\/06\/camerangoaitroicruiserzimou3k5mpipcs7dp5m0wezongkinhkepzoom12xchinhhang_450x442.36425339367.png","type":"image\/png"}],"twitter_card":"summary_large_image","twitter_misc":{"\u01af\u1edbc t\u00ednh th\u1eddi gian \u0111\u1ecdc":"2 ph\u00fat"},"schema":{"@context":"https:\/\/schema.org","@graph":[{"@type":"WebPage","@id":"https:\/\/loiloccamera.com\/index.php\/product\/camera-ngoai-troi-cruiser-z-imou-3k-5mp-ipc-s7dp-5m0wez-ong-kinh-kep-zoom-12x\/","url":"https:\/\/loiloccamera.com\/index.php\/product\/camera-ngoai-troi-cruiser-z-imou-3k-5mp-ipc-s7dp-5m0wez-ong-kinh-kep-zoom-12x\/","name":"Camera Ngo\u00e0i Tr\u1eddi Cruiser Z IMOU 3K 5MP IPC-S7DP-5M0WEZ \u1ed0ng k\u00ednh k\u00e9p , Zoom 12X - L\u1ee3i L\u1ed9c Camera","isPartOf":{"@id":"https:\/\/loiloccamera.com\/#website"},"primaryImageOfPage":{"@id":"https:\/\/loiloccamera.com\/index.php\/product\/camera-ngoai-troi-cruiser-z-imou-3k-5mp-ipc-s7dp-5m0wez-ong-kinh-kep-zoom-12x\/#primaryimage"},"image":{"@id":"https:\/\/loiloccamera.com\/index.php\/product\/camera-ngoai-troi-cruiser-z-imou-3k-5mp-ipc-s7dp-5m0wez-ong-kinh-kep-zoom-12x\/#primaryimage"},"thumbnailUrl":"https:\/\/loiloccamera.com\/wp-content\/uploads\/2024\/06\/camerangoaitroicruiserzimou3k5mpipcs7dp5m0wezongkinhkepzoom12xchinhhang_450x442.36425339367.png","datePublished":"2024-06-25T04:50:54+00:00","description":"\u0110\u1ed9 ph\u00e2n gi\u1ea3i cao 5.0MP cho h\u00ecnh \u1ea3nh c\u1ef1c k\u1ef3 s\u1eafc n\u00e9t.Kh\u1ea3 n\u0103ng zoom k\u1ebft h\u1ee3p l\u00ean \u0111\u1ebfn 12x \" 1x m\u1eb7c \u0111\u1ecbnh \u1ed1ng k\u00ednh 2.8mm, zoom 2x-4x zoom s\u1ed1 tr\u00ean len \u1ed1ng k\u00ednh 2.8mm c\u00f2n 5x m\u1eb7c \u0111\u1ecbnh \u1ed1ng k\u00ednh 12mm. zoom 6x-12x zoom s\u1ed1 tr\u00ean len \u1ed1ng k\u00ednh 12mm \".","breadcrumb":{"@id":"https:\/\/loiloccamera.com\/index.php\/product\/camera-ngoai-troi-cruiser-z-imou-3k-5mp-ipc-s7dp-5m0wez-ong-kinh-kep-zoom-12x\/#breadcrumb"},"inLanguage":"vi","potentialAction":[{"@type":"ReadAction","target":["https:\/\/loiloccamera.com\/index.php\/product\/camera-ngoai-troi-cruiser-z-imou-3k-5mp-ipc-s7dp-5m0wez-ong-kinh-kep-zoom-12x\/"]}]},{"@type":"ImageObject","inLanguage":"vi","@id":"https:\/\/loiloccamera.com\/index.php\/product\/camera-ngoai-troi-cruiser-z-imou-3k-5mp-ipc-s7dp-5m0wez-ong-kinh-kep-zoom-12x\/#primaryimage","url":"https:\/\/loiloccamera.com\/wp-content\/uploads\/2024\/06\/camerangoaitroicruiserzimou3k5mpipcs7dp5m0wezongkinhkepzoom12xchinhhang_450x442.36425339367.png","contentUrl":"https:\/\/loiloccamera.com\/wp-content\/uploads\/2024\/06\/camerangoaitroicruiserzimou3k5mpipcs7dp5m0wezongkinhkepzoom12xchinhhang_450x442.36425339367.png","width":450,"height":442},{"@type":"BreadcrumbList","@id":"https:\/\/loiloccamera.com\/index.php\/product\/camera-ngoai-troi-cruiser-z-imou-3k-5mp-ipc-s7dp-5m0wez-ong-kinh-kep-zoom-12x\/#breadcrumb","itemListElement":[{"@type":"ListItem","position":1,"name":"Trang ch\u1ee7","item":"https:\/\/loiloccamera.com\/"},{"@type":"ListItem","position":2,"name":"C\u1eeda h\u00e0ng","item":"https:\/\/loiloccamera.com\/index.php\/mua\/"},{"@type":"ListItem","position":3,"name":"Camera Ngo\u00e0i Tr\u1eddi Cruiser Z IMOU 3K 5MP IPC-S7DP-5M0WEZ \u1ed0ng k\u00ednh k\u00e9p , Zoom 12X"}]},{"@type":"WebSite","@id":"https:\/\/loiloccamera.com\/#website","url":"https:\/\/loiloccamera.com\/","name":"L\u1ee3i L\u1ed9c Camera","description":"Uy t\u00ednh v\u00e0 ch\u1ea5t l\u01b0\u1ee3ng h\u00e0ng \u0111\u1ea7u .","publisher":{"@id":"https:\/\/loiloccamera.com\/#organization"},"potentialAction":[{"@type":"SearchAction","target":{"@type":"EntryPoint","urlTemplate":"https:\/\/loiloccamera.com\/?s={search_term_string}"},"query-input":{"@type":"PropertyValueSpecification","valueRequired":true,"valueName":"search_term_string"}}],"inLanguage":"vi"},{"@type":"Organization","@id":"https:\/\/loiloccamera.com\/#organization","name":"L\u1ee3i L\u1ed9c Camera","url":"https:\/\/loiloccamera.com\/","logo":{"@type":"ImageObject","inLanguage":"vi","@id":"https:\/\/loiloccamera.com\/#\/schema\/logo\/image\/","url":"https:\/\/loiloccamera.com\/wp-content\/uploads\/2024\/06\/Loi-Loc-tron.png","contentUrl":"https:\/\/loiloccamera.com\/wp-content\/uploads\/2024\/06\/Loi-Loc-tron.png","width":516,"height":513,"caption":"L\u1ee3i L\u1ed9c Camera"},"image":{"@id":"https:\/\/loiloccamera.com\/#\/schema\/logo\/image\/"},"sameAs":["https:\/\/www.facebook.com\/loiloccamera\/"]}]}},"_links":{"self":[{"href":"https:\/\/loiloccamera.com\/index.php\/wp-json\/wp\/v2\/product\/7778","targetHints":{"allow":["GET"]}}],"collection":[{"href":"https:\/\/loiloccamera.com\/index.php\/wp-json\/wp\/v2\/product"}],"about":[{"href":"https:\/\/loiloccamera.com\/index.php\/wp-json\/wp\/v2\/types\/product"}],"replies":[{"embeddable":true,"href":"https:\/\/loiloccamera.com\/index.php\/wp-json\/wp\/v2\/comments?post=7778"}],"wp:featuredmedia":[{"embeddable":true,"href":"https:\/\/loiloccamera.com\/index.php\/wp-json\/wp\/v2\/media\/7779"}],"wp:attachment":[{"href":"https:\/\/loiloccamera.com\/index.php\/wp-json\/wp\/v2\/media?parent=7778"}],"wp:term":[{"taxonomy":"product_brand","embeddable":true,"href":"https:\/\/loiloccamera.com\/index.php\/wp-json\/wp\/v2\/product_brand?post=7778"},{"taxonomy":"product_cat","embeddable":true,"href":"https:\/\/loiloccamera.com\/index.php\/wp-json\/wp\/v2\/product_cat?post=7778"},{"taxonomy":"product_tag","embeddable":true,"href":"https:\/\/loiloccamera.com\/index.php\/wp-json\/wp\/v2\/product_tag?post=7778"}],"curies":[{"name":"wp","href":"https:\/\/api.w.org\/{rel}","templated":true}]}}