{"id":8022,"date":"2024-09-25T14:20:09","date_gmt":"2024-09-25T07:20:09","guid":{"rendered":"https:\/\/loiloccamera.com\/?post_type=product&#038;p=8022"},"modified":"2024-09-25T14:22:29","modified_gmt":"2024-09-25T07:22:29","slug":"bo-4-camera-analog-hikvision-essd-2-megapixel-2mp","status":"publish","type":"product","link":"https:\/\/loiloccamera.com\/index.php\/product\/bo-4-camera-analog-hikvision-essd-2-megapixel-2mp\/","title":{"rendered":"B\u1ed9 4 Camera Analog HIKVISION eSSD \u2013 2 Megapixel (2MP)"},"content":{"rendered":"<p><strong>B\u1ed9 3 Camera Analog HIKVISION eSSD \u2013 2 Megapixel (2MP) bao g\u1ed3m:<\/strong><\/p>\n<ul>\n<li aria-level=\"1\">4 Camera Hikvision Eco Series m\u1eabu trong nh\u00e0 v\u00e0 ngo\u00e0i tr\u1eddi<\/li>\n<li aria-level=\"1\">1 \u0110\u1ea7u ghi h\u00ecnh Hikvision 4 k\u00eanh nh\u00fang s\u1eb5n 330GB<\/li>\n<li aria-level=\"1\">4 Ngu\u1ed3n 12V<\/li>\n<li aria-level=\"1\">C\u00f4ng l\u1eafp \u0111\u1eb7t t\u1ea1i nh\u00e0<\/li>\n<\/ul>\n<p>D\u1ef1 ki\u1ebfn l\u1eafp \u0111\u1eb7t trong v\u00f2ng 1 ng\u00e0y s\u1ebd ho\u00e0n th\u00e0nh v\u00e0 s\u1eed d\u1ee5ng \u0111\u01b0\u1ee3c ngay.<\/p>\n<p>L\u1eafp \u0111\u1eb7t xong nh\u00e2n vi\u00ean k\u1ef9 thu\u1eadt h\u01b0\u1edbng d\u1eabn s\u1eed d\u1ee5ng ngay l\u1eadp t\u1ee9c, trong qu\u00e1 tr\u00ecnh s\u1eed d\u1ee5ng c\u1ea7n h\u1ed7 tr\u1ee3 th\u00eam nh\u00e2n vi\u00ean t\u1ed5ng \u0111\u00e0i gi\u1ea3i \u0111\u00e1p ph\u1ea7n m\u1ec1m tr\u1ecdn \u0111\u1eddi.<\/p>\n<p><img loading=\"lazy\" decoding=\"async\" class=\"alignnone size-medium wp-image-8020\" style=\"font-size: 14.4px;\" src=\"https:\/\/loiloccamera.com\/wp-content\/uploads\/2024\/09\/combo-device_camera-turret-hikvision-300x225.jpg\" alt=\"\" width=\"300\" height=\"225\" srcset=\"https:\/\/loiloccamera.com\/wp-content\/uploads\/2024\/09\/combo-device_camera-turret-hikvision-300x225.jpg 300w, https:\/\/loiloccamera.com\/wp-content\/uploads\/2024\/09\/combo-device_camera-turret-hikvision-768x576.jpg 768w, https:\/\/loiloccamera.com\/wp-content\/uploads\/2024\/09\/combo-device_camera-turret-hikvision-600x450.jpg 600w, https:\/\/loiloccamera.com\/wp-content\/uploads\/2024\/09\/combo-device_camera-turret-hikvision.jpg 800w\" sizes=\"auto, (max-width: 300px) 100vw, 300px\" \/><img loading=\"lazy\" decoding=\"async\" class=\"alignnone size-medium wp-image-8019\" style=\"font-size: 14.4px;\" src=\"https:\/\/loiloccamera.com\/wp-content\/uploads\/2024\/09\/combo-device_camera-bullet-hikvision-300x225.jpg\" alt=\"\" width=\"300\" height=\"225\" srcset=\"https:\/\/loiloccamera.com\/wp-content\/uploads\/2024\/09\/combo-device_camera-bullet-hikvision-300x225.jpg 300w, https:\/\/loiloccamera.com\/wp-content\/uploads\/2024\/09\/combo-device_camera-bullet-hikvision-768x576.jpg 768w, https:\/\/loiloccamera.com\/wp-content\/uploads\/2024\/09\/combo-device_camera-bullet-hikvision-600x450.jpg 600w, https:\/\/loiloccamera.com\/wp-content\/uploads\/2024\/09\/combo-device_camera-bullet-hikvision.jpg 800w\" sizes=\"auto, (max-width: 300px) 100vw, 300px\" \/><img loading=\"lazy\" decoding=\"async\" class=\"alignnone size-medium wp-image-8009\" style=\"font-size: 14.4px;\" src=\"https:\/\/loiloccamera.com\/wp-content\/uploads\/2024\/09\/combo-device_dau-ghi-dvr-hikvision-300x225.jpg\" alt=\"\" width=\"300\" height=\"225\" srcset=\"https:\/\/loiloccamera.com\/wp-content\/uploads\/2024\/09\/combo-device_dau-ghi-dvr-hikvision-300x225.jpg 300w, https:\/\/loiloccamera.com\/wp-content\/uploads\/2024\/09\/combo-device_dau-ghi-dvr-hikvision-768x576.jpg 768w, https:\/\/loiloccamera.com\/wp-content\/uploads\/2024\/09\/combo-device_dau-ghi-dvr-hikvision-600x450.jpg 600w, https:\/\/loiloccamera.com\/wp-content\/uploads\/2024\/09\/combo-device_dau-ghi-dvr-hikvision.jpg 800w\" sizes=\"auto, (max-width: 300px) 100vw, 300px\" \/><span style=\"font-size: 14.4px;\">\u00a0<\/span><\/p>\n<p>Khuy\u1ebfn m\u00e3i l\u1eafp \u0111\u1eb7t tr\u1ecdn b\u1ed9 camera Hikvision bao g\u1ed3m:<\/p>\n<ul>\n<li aria-level=\"1\">T\u1eb7ng g\u00f3i b\u1ea3o h\u00e0nh t\u1ea1i nh\u00e0 24 th\u00e1ng tr\u1ecb gi\u00e1 1.000.000 \u0111<\/li>\n<li aria-level=\"1\">Ph\u1ee5 ki\u1ec7n 4 balun camera (b\u1ea3o h\u00e0nh 12 th\u00e1ng)<\/li>\n<li aria-level=\"1\">T\u1eb7ng 40 m\u00e9t d\u00e2y camera chuy\u00ean d\u1ee5ng<\/li>\n<\/ul>\n<p>(L\u01b0u \u00fd:\u00a0 Ph\u00e1t sinh th\u00eam d\u00e2y t\u00edn hi\u1ec7u n\u1ebfu v\u01b0\u1ee3t qu\u00e1 30m khuy\u1ebfn m\u1ea1i)<\/p>\n<h2><span style=\"color: #ff0000;\"><strong>B\u1ea3ng gi\u00e1 Tr\u1ecdn b\u1ed9 4 camera Hikvision<\/strong><\/span><\/h2>\n<p><img loading=\"lazy\" decoding=\"async\" class=\"aligncenter wp-image-8024 size-full\" src=\"https:\/\/loiloccamera.com\/wp-content\/uploads\/2024\/09\/price-list-sheet_combo-hikvision-analog-ssd-4-camera.jpg\" alt=\"\" width=\"800\" height=\"600\" srcset=\"https:\/\/loiloccamera.com\/wp-content\/uploads\/2024\/09\/price-list-sheet_combo-hikvision-analog-ssd-4-camera.jpg 800w, https:\/\/loiloccamera.com\/wp-content\/uploads\/2024\/09\/price-list-sheet_combo-hikvision-analog-ssd-4-camera-300x225.jpg 300w, https:\/\/loiloccamera.com\/wp-content\/uploads\/2024\/09\/price-list-sheet_combo-hikvision-analog-ssd-4-camera-768x576.jpg 768w, https:\/\/loiloccamera.com\/wp-content\/uploads\/2024\/09\/price-list-sheet_combo-hikvision-analog-ssd-4-camera-600x450.jpg 600w\" sizes=\"auto, (max-width: 800px) 100vw, 800px\" \/><\/p>\n","protected":false},"excerpt":{"rendered":"<ul>\n<li aria-level=\"1\">C\u00f4ng ngh\u1ec7 xanh eSSD<\/li>\n<li aria-level=\"1\">\u0110\u1ed9 ph\u00e2n gi\u1ea3i: 2.0 Megapixel<\/li>\n<li aria-level=\"1\">Ti\u00eau th\u1ee5 \u00edt \u0111i\u1ec7n n\u0103ng<\/li>\n<li aria-level=\"1\">Ph\u00f9 h\u1ee3p l\u1eafp \u0111\u1eb7t cho gia \u0111\u00ecnh, c\u1eeda h\u00e0ng, b\u00e1n l\u1ebb,\u2026<\/li>\n<\/ul>\n","protected":false},"featured_media":8023,"comment_status":"open","ping_status":"closed","template":"","meta":{"_monsterinsights_skip_tracking":false,"_monsterinsights_sitenote_active":false,"_monsterinsights_sitenote_note":"","_monsterinsights_sitenote_category":0},"product_brand":[],"product_cat":[24,26],"product_tag":[95,96],"class_list":{"0":"post-8022","1":"product","2":"type-product","3":"status-publish","4":"has-post-thumbnail","6":"product_cat-tron-bo-camera","7":"product_cat-tron-bo-camera-hikvision","8":"product_tag-tron-bo-4-camera-co-day-hikvision","9":"product_tag-tron-bo-camera-co-day","11":"first","12":"instock","13":"sale","14":"shipping-taxable","15":"purchasable","16":"product-type-simple"},"aioseo_notices":[],"yoast_head":"<!-- This site is optimized with the Yoast SEO plugin v27.5 - https:\/\/yoast.com\/product\/yoast-seo-wordpress\/ -->\n<title>B\u1ed9 4 Camera Analog HIKVISION eSSD \u2013 2 Megapixel (2MP) - L\u1ee3i L\u1ed9c Camera<\/title>\n<meta name=\"description\" content=\"Tr\u1ecdn b\u00f4 4 camera 2MP c\u00f3 d\u00e2y hikvision t\u1eb7ng k\u00e8m 40m d\u00e2y t\u00edn hi\u1ec7u . 4 Camera Hikvision Eco Series m\u1eabu trong nh\u00e0 v\u00e0 ngo\u00e0i tr\u1eddi 1 \u0110\u1ea7u ghi h\u00ecnh Hikvision 4 k\u00eanh nh\u00fang s\u1eb5n 330GB3 Ngu\u1ed3n 12VC\u00f4ng l\u1eafp \u0111\u1eb7t t\u1ea1i nh\u00e0\" \/>\n<meta name=\"robots\" content=\"index, follow, max-snippet:-1, max-image-preview:large, max-video-preview:-1\" \/>\n<link rel=\"canonical\" href=\"https:\/\/loiloccamera.com\/index.php\/product\/bo-4-camera-analog-hikvision-essd-2-megapixel-2mp\/\" \/>\n<meta property=\"og:locale\" content=\"vi_VN\" \/>\n<meta property=\"og:type\" content=\"article\" \/>\n<meta property=\"og:title\" content=\"B\u1ed9 4 Camera Analog HIKVISION eSSD \u2013 2 Megapixel (2MP) - L\u1ee3i L\u1ed9c Camera\" \/>\n<meta property=\"og:description\" content=\"Tr\u1ecdn b\u00f4 4 camera 2MP c\u00f3 d\u00e2y hikvision t\u1eb7ng k\u00e8m 40m d\u00e2y t\u00edn hi\u1ec7u . 4 Camera Hikvision Eco Series m\u1eabu trong nh\u00e0 v\u00e0 ngo\u00e0i tr\u1eddi 1 \u0110\u1ea7u ghi h\u00ecnh Hikvision 4 k\u00eanh nh\u00fang s\u1eb5n 330GB3 Ngu\u1ed3n 12VC\u00f4ng l\u1eafp \u0111\u1eb7t t\u1ea1i nh\u00e0\" \/>\n<meta property=\"og:url\" content=\"https:\/\/loiloccamera.com\/index.php\/product\/bo-4-camera-analog-hikvision-essd-2-megapixel-2mp\/\" \/>\n<meta property=\"og:site_name\" content=\"L\u1ee3i L\u1ed9c Camera\" \/>\n<meta property=\"article:publisher\" content=\"https:\/\/www.facebook.com\/loiloccamera\/\" \/>\n<meta property=\"article:modified_time\" content=\"2024-09-25T07:22:29+00:00\" \/>\n<meta property=\"og:image\" content=\"https:\/\/loiloccamera.com\/wp-content\/uploads\/2024\/09\/thumbnail-hikvision-analog_combo-4-camera-ssd.jpg\" \/>\n\t<meta property=\"og:image:width\" content=\"1000\" \/>\n\t<meta property=\"og:image:height\" content=\"1000\" \/>\n\t<meta property=\"og:image:type\" content=\"image\/jpeg\" \/>\n<meta name=\"twitter:card\" content=\"summary_large_image\" \/>\n<meta name=\"twitter:label1\" content=\"\u01af\u1edbc t\u00ednh th\u1eddi gian \u0111\u1ecdc\" \/>\n\t<meta name=\"twitter:data1\" content=\"2 ph\u00fat\" \/>\n<script type=\"application\/ld+json\" class=\"yoast-schema-graph\">{\"@context\":\"https:\\\/\\\/schema.org\",\"@graph\":[{\"@type\":\"WebPage\",\"@id\":\"https:\\\/\\\/loiloccamera.com\\\/index.php\\\/product\\\/bo-4-camera-analog-hikvision-essd-2-megapixel-2mp\\\/\",\"url\":\"https:\\\/\\\/loiloccamera.com\\\/index.php\\\/product\\\/bo-4-camera-analog-hikvision-essd-2-megapixel-2mp\\\/\",\"name\":\"B\u1ed9 4 Camera Analog HIKVISION eSSD \u2013 2 Megapixel (2MP) - L\u1ee3i L\u1ed9c Camera\",\"isPartOf\":{\"@id\":\"https:\\\/\\\/loiloccamera.com\\\/#website\"},\"primaryImageOfPage\":{\"@id\":\"https:\\\/\\\/loiloccamera.com\\\/index.php\\\/product\\\/bo-4-camera-analog-hikvision-essd-2-megapixel-2mp\\\/#primaryimage\"},\"image\":{\"@id\":\"https:\\\/\\\/loiloccamera.com\\\/index.php\\\/product\\\/bo-4-camera-analog-hikvision-essd-2-megapixel-2mp\\\/#primaryimage\"},\"thumbnailUrl\":\"https:\\\/\\\/loiloccamera.com\\\/wp-content\\\/uploads\\\/2024\\\/09\\\/thumbnail-hikvision-analog_combo-4-camera-ssd.jpg\",\"datePublished\":\"2024-09-25T07:20:09+00:00\",\"dateModified\":\"2024-09-25T07:22:29+00:00\",\"description\":\"Tr\u1ecdn b\u00f4 4 camera 2MP c\u00f3 d\u00e2y hikvision t\u1eb7ng k\u00e8m 40m d\u00e2y t\u00edn hi\u1ec7u . 4 Camera Hikvision Eco Series m\u1eabu trong nh\u00e0 v\u00e0 ngo\u00e0i tr\u1eddi 1 \u0110\u1ea7u ghi h\u00ecnh Hikvision 4 k\u00eanh nh\u00fang s\u1eb5n 330GB3 Ngu\u1ed3n 12VC\u00f4ng l\u1eafp \u0111\u1eb7t t\u1ea1i nh\u00e0\",\"breadcrumb\":{\"@id\":\"https:\\\/\\\/loiloccamera.com\\\/index.php\\\/product\\\/bo-4-camera-analog-hikvision-essd-2-megapixel-2mp\\\/#breadcrumb\"},\"inLanguage\":\"vi\",\"potentialAction\":[{\"@type\":\"ReadAction\",\"target\":[\"https:\\\/\\\/loiloccamera.com\\\/index.php\\\/product\\\/bo-4-camera-analog-hikvision-essd-2-megapixel-2mp\\\/\"]}]},{\"@type\":\"ImageObject\",\"inLanguage\":\"vi\",\"@id\":\"https:\\\/\\\/loiloccamera.com\\\/index.php\\\/product\\\/bo-4-camera-analog-hikvision-essd-2-megapixel-2mp\\\/#primaryimage\",\"url\":\"https:\\\/\\\/loiloccamera.com\\\/wp-content\\\/uploads\\\/2024\\\/09\\\/thumbnail-hikvision-analog_combo-4-camera-ssd.jpg\",\"contentUrl\":\"https:\\\/\\\/loiloccamera.com\\\/wp-content\\\/uploads\\\/2024\\\/09\\\/thumbnail-hikvision-analog_combo-4-camera-ssd.jpg\",\"width\":1000,\"height\":1000},{\"@type\":\"BreadcrumbList\",\"@id\":\"https:\\\/\\\/loiloccamera.com\\\/index.php\\\/product\\\/bo-4-camera-analog-hikvision-essd-2-megapixel-2mp\\\/#breadcrumb\",\"itemListElement\":[{\"@type\":\"ListItem\",\"position\":1,\"name\":\"Trang ch\u1ee7\",\"item\":\"https:\\\/\\\/loiloccamera.com\\\/\"},{\"@type\":\"ListItem\",\"position\":2,\"name\":\"C\u1eeda h\u00e0ng\",\"item\":\"https:\\\/\\\/loiloccamera.com\\\/index.php\\\/mua\\\/\"},{\"@type\":\"ListItem\",\"position\":3,\"name\":\"B\u1ed9 4 Camera Analog HIKVISION eSSD \u2013 2 Megapixel (2MP)\"}]},{\"@type\":\"WebSite\",\"@id\":\"https:\\\/\\\/loiloccamera.com\\\/#website\",\"url\":\"https:\\\/\\\/loiloccamera.com\\\/\",\"name\":\"L\u1ee3i L\u1ed9c Camera\",\"description\":\"Uy t\u00ednh v\u00e0 ch\u1ea5t l\u01b0\u1ee3ng h\u00e0ng \u0111\u1ea7u .\",\"publisher\":{\"@id\":\"https:\\\/\\\/loiloccamera.com\\\/#organization\"},\"potentialAction\":[{\"@type\":\"SearchAction\",\"target\":{\"@type\":\"EntryPoint\",\"urlTemplate\":\"https:\\\/\\\/loiloccamera.com\\\/?s={search_term_string}\"},\"query-input\":{\"@type\":\"PropertyValueSpecification\",\"valueRequired\":true,\"valueName\":\"search_term_string\"}}],\"inLanguage\":\"vi\"},{\"@type\":\"Organization\",\"@id\":\"https:\\\/\\\/loiloccamera.com\\\/#organization\",\"name\":\"L\u1ee3i L\u1ed9c Camera\",\"url\":\"https:\\\/\\\/loiloccamera.com\\\/\",\"logo\":{\"@type\":\"ImageObject\",\"inLanguage\":\"vi\",\"@id\":\"https:\\\/\\\/loiloccamera.com\\\/#\\\/schema\\\/logo\\\/image\\\/\",\"url\":\"https:\\\/\\\/loiloccamera.com\\\/wp-content\\\/uploads\\\/2024\\\/06\\\/Loi-Loc-tron.png\",\"contentUrl\":\"https:\\\/\\\/loiloccamera.com\\\/wp-content\\\/uploads\\\/2024\\\/06\\\/Loi-Loc-tron.png\",\"width\":516,\"height\":513,\"caption\":\"L\u1ee3i L\u1ed9c Camera\"},\"image\":{\"@id\":\"https:\\\/\\\/loiloccamera.com\\\/#\\\/schema\\\/logo\\\/image\\\/\"},\"sameAs\":[\"https:\\\/\\\/www.facebook.com\\\/loiloccamera\\\/\"]}]}<\/script>\n<!-- \/ Yoast SEO plugin. -->","yoast_head_json":{"title":"B\u1ed9 4 Camera Analog HIKVISION eSSD \u2013 2 Megapixel (2MP) - L\u1ee3i L\u1ed9c Camera","description":"Tr\u1ecdn b\u00f4 4 camera 2MP c\u00f3 d\u00e2y hikvision t\u1eb7ng k\u00e8m 40m d\u00e2y t\u00edn hi\u1ec7u . 4 Camera Hikvision Eco Series m\u1eabu trong nh\u00e0 v\u00e0 ngo\u00e0i tr\u1eddi 1 \u0110\u1ea7u ghi h\u00ecnh Hikvision 4 k\u00eanh nh\u00fang s\u1eb5n 330GB3 Ngu\u1ed3n 12VC\u00f4ng l\u1eafp \u0111\u1eb7t t\u1ea1i nh\u00e0","robots":{"index":"index","follow":"follow","max-snippet":"max-snippet:-1","max-image-preview":"max-image-preview:large","max-video-preview":"max-video-preview:-1"},"canonical":"https:\/\/loiloccamera.com\/index.php\/product\/bo-4-camera-analog-hikvision-essd-2-megapixel-2mp\/","og_locale":"vi_VN","og_type":"article","og_title":"B\u1ed9 4 Camera Analog HIKVISION eSSD \u2013 2 Megapixel (2MP) - L\u1ee3i L\u1ed9c Camera","og_description":"Tr\u1ecdn b\u00f4 4 camera 2MP c\u00f3 d\u00e2y hikvision t\u1eb7ng k\u00e8m 40m d\u00e2y t\u00edn hi\u1ec7u . 4 Camera Hikvision Eco Series m\u1eabu trong nh\u00e0 v\u00e0 ngo\u00e0i tr\u1eddi 1 \u0110\u1ea7u ghi h\u00ecnh Hikvision 4 k\u00eanh nh\u00fang s\u1eb5n 330GB3 Ngu\u1ed3n 12VC\u00f4ng l\u1eafp \u0111\u1eb7t t\u1ea1i nh\u00e0","og_url":"https:\/\/loiloccamera.com\/index.php\/product\/bo-4-camera-analog-hikvision-essd-2-megapixel-2mp\/","og_site_name":"L\u1ee3i L\u1ed9c Camera","article_publisher":"https:\/\/www.facebook.com\/loiloccamera\/","article_modified_time":"2024-09-25T07:22:29+00:00","og_image":[{"width":1000,"height":1000,"url":"https:\/\/loiloccamera.com\/wp-content\/uploads\/2024\/09\/thumbnail-hikvision-analog_combo-4-camera-ssd.jpg","type":"image\/jpeg"}],"twitter_card":"summary_large_image","twitter_misc":{"\u01af\u1edbc t\u00ednh th\u1eddi gian \u0111\u1ecdc":"2 ph\u00fat"},"schema":{"@context":"https:\/\/schema.org","@graph":[{"@type":"WebPage","@id":"https:\/\/loiloccamera.com\/index.php\/product\/bo-4-camera-analog-hikvision-essd-2-megapixel-2mp\/","url":"https:\/\/loiloccamera.com\/index.php\/product\/bo-4-camera-analog-hikvision-essd-2-megapixel-2mp\/","name":"B\u1ed9 4 Camera Analog HIKVISION eSSD \u2013 2 Megapixel (2MP) - L\u1ee3i L\u1ed9c Camera","isPartOf":{"@id":"https:\/\/loiloccamera.com\/#website"},"primaryImageOfPage":{"@id":"https:\/\/loiloccamera.com\/index.php\/product\/bo-4-camera-analog-hikvision-essd-2-megapixel-2mp\/#primaryimage"},"image":{"@id":"https:\/\/loiloccamera.com\/index.php\/product\/bo-4-camera-analog-hikvision-essd-2-megapixel-2mp\/#primaryimage"},"thumbnailUrl":"https:\/\/loiloccamera.com\/wp-content\/uploads\/2024\/09\/thumbnail-hikvision-analog_combo-4-camera-ssd.jpg","datePublished":"2024-09-25T07:20:09+00:00","dateModified":"2024-09-25T07:22:29+00:00","description":"Tr\u1ecdn b\u00f4 4 camera 2MP c\u00f3 d\u00e2y hikvision t\u1eb7ng k\u00e8m 40m d\u00e2y t\u00edn hi\u1ec7u . 4 Camera Hikvision Eco Series m\u1eabu trong nh\u00e0 v\u00e0 ngo\u00e0i tr\u1eddi 1 \u0110\u1ea7u ghi h\u00ecnh Hikvision 4 k\u00eanh nh\u00fang s\u1eb5n 330GB3 Ngu\u1ed3n 12VC\u00f4ng l\u1eafp \u0111\u1eb7t t\u1ea1i nh\u00e0","breadcrumb":{"@id":"https:\/\/loiloccamera.com\/index.php\/product\/bo-4-camera-analog-hikvision-essd-2-megapixel-2mp\/#breadcrumb"},"inLanguage":"vi","potentialAction":[{"@type":"ReadAction","target":["https:\/\/loiloccamera.com\/index.php\/product\/bo-4-camera-analog-hikvision-essd-2-megapixel-2mp\/"]}]},{"@type":"ImageObject","inLanguage":"vi","@id":"https:\/\/loiloccamera.com\/index.php\/product\/bo-4-camera-analog-hikvision-essd-2-megapixel-2mp\/#primaryimage","url":"https:\/\/loiloccamera.com\/wp-content\/uploads\/2024\/09\/thumbnail-hikvision-analog_combo-4-camera-ssd.jpg","contentUrl":"https:\/\/loiloccamera.com\/wp-content\/uploads\/2024\/09\/thumbnail-hikvision-analog_combo-4-camera-ssd.jpg","width":1000,"height":1000},{"@type":"BreadcrumbList","@id":"https:\/\/loiloccamera.com\/index.php\/product\/bo-4-camera-analog-hikvision-essd-2-megapixel-2mp\/#breadcrumb","itemListElement":[{"@type":"ListItem","position":1,"name":"Trang ch\u1ee7","item":"https:\/\/loiloccamera.com\/"},{"@type":"ListItem","position":2,"name":"C\u1eeda h\u00e0ng","item":"https:\/\/loiloccamera.com\/index.php\/mua\/"},{"@type":"ListItem","position":3,"name":"B\u1ed9 4 Camera Analog HIKVISION eSSD \u2013 2 Megapixel (2MP)"}]},{"@type":"WebSite","@id":"https:\/\/loiloccamera.com\/#website","url":"https:\/\/loiloccamera.com\/","name":"L\u1ee3i L\u1ed9c Camera","description":"Uy t\u00ednh v\u00e0 ch\u1ea5t l\u01b0\u1ee3ng h\u00e0ng \u0111\u1ea7u .","publisher":{"@id":"https:\/\/loiloccamera.com\/#organization"},"potentialAction":[{"@type":"SearchAction","target":{"@type":"EntryPoint","urlTemplate":"https:\/\/loiloccamera.com\/?s={search_term_string}"},"query-input":{"@type":"PropertyValueSpecification","valueRequired":true,"valueName":"search_term_string"}}],"inLanguage":"vi"},{"@type":"Organization","@id":"https:\/\/loiloccamera.com\/#organization","name":"L\u1ee3i L\u1ed9c Camera","url":"https:\/\/loiloccamera.com\/","logo":{"@type":"ImageObject","inLanguage":"vi","@id":"https:\/\/loiloccamera.com\/#\/schema\/logo\/image\/","url":"https:\/\/loiloccamera.com\/wp-content\/uploads\/2024\/06\/Loi-Loc-tron.png","contentUrl":"https:\/\/loiloccamera.com\/wp-content\/uploads\/2024\/06\/Loi-Loc-tron.png","width":516,"height":513,"caption":"L\u1ee3i L\u1ed9c Camera"},"image":{"@id":"https:\/\/loiloccamera.com\/#\/schema\/logo\/image\/"},"sameAs":["https:\/\/www.facebook.com\/loiloccamera\/"]}]}},"_links":{"self":[{"href":"https:\/\/loiloccamera.com\/index.php\/wp-json\/wp\/v2\/product\/8022","targetHints":{"allow":["GET"]}}],"collection":[{"href":"https:\/\/loiloccamera.com\/index.php\/wp-json\/wp\/v2\/product"}],"about":[{"href":"https:\/\/loiloccamera.com\/index.php\/wp-json\/wp\/v2\/types\/product"}],"replies":[{"embeddable":true,"href":"https:\/\/loiloccamera.com\/index.php\/wp-json\/wp\/v2\/comments?post=8022"}],"wp:featuredmedia":[{"embeddable":true,"href":"https:\/\/loiloccamera.com\/index.php\/wp-json\/wp\/v2\/media\/8023"}],"wp:attachment":[{"href":"https:\/\/loiloccamera.com\/index.php\/wp-json\/wp\/v2\/media?parent=8022"}],"wp:term":[{"taxonomy":"product_brand","embeddable":true,"href":"https:\/\/loiloccamera.com\/index.php\/wp-json\/wp\/v2\/product_brand?post=8022"},{"taxonomy":"product_cat","embeddable":true,"href":"https:\/\/loiloccamera.com\/index.php\/wp-json\/wp\/v2\/product_cat?post=8022"},{"taxonomy":"product_tag","embeddable":true,"href":"https:\/\/loiloccamera.com\/index.php\/wp-json\/wp\/v2\/product_tag?post=8022"}],"curies":[{"name":"wp","href":"https:\/\/api.w.org\/{rel}","templated":true}]}}